2, 17
Let k = -1 + 4. Let y(d) = d**2 + d - 4. Let o be y(-3). Suppose -o*p + k = -7. What are the prime factors of p?
5
Suppose -371 = -l - 6*l. List the prime factors of l.
53
Let s be 5 + 3 + -4 - -1. Suppose s*o + 14 = 4*i, 0*o + 3*o = 6. List the prime factors of (-40)/i*12/(-5).
2
Let u(g) be the second derivative of g**4/3 - 2*g**3/3 - g**2/2 - 2*g. What are the prime factors of u(3)?
23
Let c(k) = 2*k**3 + 2*k**2 - 2*k - 2. Let q be c(2). Let d = q - 13. What are the prime factors of d?
5
List the prime factors of 6/4*356/6.
89
Suppose -f + 5 = -0. Suppose f + 7 = -b. List the prime factors of (b - 0)*(5 - 6).
2, 3
Let w = -6 - -10. Suppose w*m - 88 = -3*r, 4*m - 2*r + 44 - 112 = 0. Suppose m + 34 = 3*u - 5*y, -3*u = -3*y - 45. List the prime factors of u.
11
Let z = -13 - -25. Suppose 2*s - 63 = -2*s + h, 5*s = h + 80. Let r = s - z. List the prime factors of r.
5
Let q = -5 + 9. Suppose -3*x + 43 = -5*b, -q*b = -0*x - 5*x + 50. What are the prime factors of x?
2, 3
Suppose 0 = -4*c + 2*w, -3*w = -w - 8. Let x = 5 + -3. Suppose -c*m + x = -18. List the prime factors of m.
2, 5
Let x(r) = 4*r**2 + 19*r - 10. What are the prime factors of x(-9)?
11, 13
What are the prime factors of (-10 + 32)/(1/2)?
2, 11
Suppose -3*h + h + 286 = 0. List the prime factors of h.
11, 13
Suppose -257 = -5*m - 2*f, -2*f = m - 3*m + 114. What are the prime factors of m?
53
Let h(n) = -7*n - 10 + n + n**3 - n - 8*n**2. Let k(y) = 2*y**2 - 4*y + 3. Let m be k(3). What are the prime factors of h(m)?
2
Let u(f) = f**3 - 4*f**2 + 2*f + 4. Let x be u(4). Suppose 5*r = -2 + x. List the prime factors of r.
2
Let c be -1 + 2 + -1 - -2. Suppose -o = c*o - 18. Suppose 2*s + 2*f - 6*f = 4, -o = -3*s + 5*f. List the prime factors of s.
2
Suppose 3*g + 2*g = 3*x + 125, -g + 2*x = -25. Suppose -2*b = -3*k + 12, 0*b = -5*b + 5*k - g. What are the prime factors of -1 - ((-3)/b - 6)?
2
Suppose 30 + 22 = i. Suppose -5*x + 100 = d + 4*d, -2*d = -x - i. List the prime factors of d.
2, 3
Let r(u) = 3*u + 1. List the prime factors of r(17).
2, 13
Suppose -44 = 5*m - 6*m. List the prime factors of m.
2, 11
Suppose p = -5*p + 414. What are the prime factors of p?
3, 23
Suppose -1 - 1 = -c. Suppose -z + 3*p + 7 = -c, 26 = -z - 4*p. Let k(b) = b**2 + 4*b - 5. What are the prime factors of k(z)?
7
Let v(q) = q**3 - 1. Let h(z) = 3*z**3 - z + 13. Let s(x) = h(x) - 2*v(x). List the prime factors of s(0).
3, 5
Let y(v) = v**2 - v + 9. Let m(w) = -w**3 + 5*w**2 - 3*w - 4. Let g be m(4). What are the prime factors of y(g)?
3
Let m(q) = -q**2 - 27*q - 52. What are the prime factors of m(-22)?
2, 29
Let o(s) = -5*s**2 - s. Let w be o(1). Let u be 30/(-4) + 3/w. Let p = 14 + u. List the prime factors of p.
2, 3
Let l = 66 + -46. What are the prime factors of l?
2, 5
Let a = -5 + -6. What are the prime factors of -2 - -2 - 2 - a?
3
Let p(s) = 8*s**2 + 1. Let k be (-6)/(-5) + (-1)/5. Let h be p(k). Suppose 5*a - h = -4*f, -a + 3*f + 7 = -2*a. What are the prime factors of a?
5
Let x = -62 + -60. Let u = x + 175. List the prime factors of u.
53
Suppose 5*u + 10 = 3*u, 2*y + 7 = -u. Let k(z) = -51*z**3 + z**2 - z - 1. What are the prime factors of k(y)?
2, 13
Let s = -4 + 6. Suppose 0 = k + 5, b = -s*k - 0 + 7. What are the prime factors of b?
17
Let i be (-5)/10 + (-85)/(-2). Suppose -5*j + 48 = -4*y, 4*j - 4*y - y - i = 0. List the prime factors of j.
2
List the prime factors of (154/44)/(1/10).
5, 7
What are the prime factors of 1022/35*(3/2 - -1)?
73
Let z be -1 + (-2)/(2/(-2)). Let y = z + 15. Let l = -10 + y. What are the prime factors of l?
2, 3
Suppose -5*m + 24 = 2*z, -2*m - 2 = 2*z - 14. Suppose -8*r - 4*d + 75 = -3*r, 7 = z*r - 3*d. What are the prime factors of r?
11
Suppose s + s - 4*w = 34, 3*w = s - 22. Let c(p) = p**2 - 11*p - 3*p**2 - s + p**2. List the prime factors of c(-10).
3
Let c = -23 + 36. Let s = c - 3. What are the prime factors of s?
2, 5
Let g(f) = f**3 - 10*f**2 + 13*f - 10. List the prime factors of g(9).
2, 13
Suppose -u + 4 + 28 = -3*z, -u - z = -16. What are the prime factors of u?
2, 5
Let z = 9 - 3. Let f(w) = w - 8. Let r be f(9). Let y = r + z. What are the prime factors of y?
7
Let b(a) = -a**2 - a + 1. Let l(f) = f**2 + 3*f + 2. Let i(d) = -2*b(d) - l(d). List the prime factors of i(5).
2
Let v(l) = 3*l. Let o be v(-3). Let t(s) be the second derivative of s**4/12 + 4*s**3/3 - 2*s**2 - s. List the prime factors of t(o).
5
Let m(s) = s**2 + 11*s + 9. Let h = -5 - 3. Let j be m(h). Let b = -9 - j. What are the prime factors of b?
2, 3
Suppose 4*u + 3*l - 96 = 0, u + 4*l = 24 + 13. Suppose -r + u = -7. List the prime factors of r.
2, 7
Let d(u) be the second derivative of -u**4/12 + u**3/2 - 3*u**2 + u. Let q be d(6). Let v = 39 + q. List the prime factors of v.
3, 5
Let x = 47 - 14. What are the prime factors of x?
3, 11
Suppose 3*y + 0*n + 2*n = 1, 4*n = 3*y - 7. Let v be -1 - (y - (2 - 2)). Let f = 6 + v. List the prime factors of f.
2
Let m(b) be the first derivative of b**4/2 + b**2/2 - 2. List the prime factors of m(2).
2, 3
Let v(x) = 2*x - 4. Let t be v(6). Suppose -8 = -2*f + t. List the prime factors of f.
2
Let o = -11 - -15. What are the prime factors of o - (-1 - -2) - -26?
29
Suppose -12 = 3*q + 9. Let f(z) = -z**3 - 7*z**2 - z - 5. Let y be f(q). Suppose -5*j = y - 37. List the prime factors of j.
7
Let h(r) = 16*r**3 - 2*r**2 + 3. List the prime factors of h(2).
3, 41
Let a = -225 - -450. List the prime factors of a.
3, 5
Let c(m) = 11*m**2 + 6*m - 12. Let h(t) = -4*t**2 - 2*t + 4. Let n(g) = 3*c(g) + 8*h(g). What are the prime factors of n(4)?
2, 5
Let l = 25 + -13. What are the prime factors of l?
2, 3
Let c(j) = -j**2 - 7*j - 9. Let o be c(-7). Let n(x) = x**3 + 8*x**2 - 9*x - 2. Let l be n(o). List the prime factors of 1 - (-9 + (l - -1)).
11
Let d(h) = -h**2 + 2*h + 51. List the prime factors of d(0).
3, 17
Suppose -2*c + 14 = t - 0*t, 3*t = -5*c + 47. Suppose -2*z + 4*f = -t, -4*z + f = -f - 24. Suppose -2*g + 3*g = z. List the prime factors of g.
2
Suppose -70 = -2*i + 22. Suppose 0 = -4*n - i + 10. What are the prime factors of (2 + -1)*(2 - n)?
11
Let w = 4 + -6. Let o be 1 + 0 + w - -2. List the prime factors of 7*-3*o/(-3).
7
Suppose -2*i = -3*p - 6, 0 = 4*p + 2*i - i - 3. What are the prime factors of 15 + ((-4)/2 - p)?
13
Suppose -p = -c - 3*c - 32, 2*p = -2*c + 34. Suppose 5*i + 4*g = 5*g + 176, 0 = -5*g + p. List the prime factors of i.
2, 3
Let l(v) = -1 - v + 1 + 6. List the prime factors of l(-11).
17
Let d(j) = -j**2 + 2. Let p be d(0). List the prime factors of 24 + 3 + (4 - p).
29
Suppose -2*n + 127 = 5*t, 0 = -n + 4*n - 5*t - 153. Suppose 2*j - n = 10. What are the prime factors of j?
3, 11
List the prime factors of 2/6 - 2429/(-21).
2, 29
Suppose 4*f - 4*g + 24 = -8, 3*f - 2*g = -29. What are the prime factors of 3*(-6)/9 - f?
11
Let y(f) = -f**3 - 3*f**2 + 2*f - 3. Let j(v) = -v**3 + v**2 - v - 4. Let k(l) = l**2 - 6*l - 7. Let n be k(7). Let w be j(n). List the prime factors of y(w).
5
Let b be (2 + -9)*(-2)/(-2). Let d = -4 - b. List the prime factors of d.
3
Suppose 2*o + 0*k - 50 = -3*k, 3*k + 167 = 5*o. List the prime factors of o.
31
Suppose -3*y = f + f + 15, 10 = -2*y. Suppose -5*u + f*u + 20 = 0. Suppose -3*k + 76 = u*v, -v + 34 = -k - 2*k. List the prime factors of v.
2, 11
Suppose -8*y + 484 = -4*y. What are the prime factors of y?
11
Suppose -2*v = 4*w - 4*v - 4, 5*v = -10. Suppose w = -2*p - 20 + 8. List the prime factors of p/9*30/(-4).
5
Suppose 0 = -3*x + 6*x. Suppose 24 = -x*p + 2*p. What are the prime factors of p?
2, 3
Suppose -h + 6 = h. Suppose 0 = -j + h*j - 2*p - 14, 11 = 5*j + 3*p. List the prime factors of j.
2
Let d = -4 - -5. Let y(c) = d - 10*c**3 - 2*c + 5*c - 2*c. List the prime factors of y(-1).
2, 5
Suppose -3*c - o - 4*o + 242 = 0, o + 78 = c. List the prime factors of c.
79
Let c(t) = t - 4. Let a be c(8). Let w = a + -2. List the prime factors of 1/w - (-5)/2.
3
Let x(u) = -u + 4. What are the prime factors of x(-6)?
2, 5
Let v be 2/1 - -2*1. Suppose v*j = -j + 25. Suppose 2*u = -4*n + 32, 24 = 3*n + 4*u - j. What are the prime factors of n?
7
Suppose 3*n - n = 8. Suppose 0 = i + 4*o - 11, 8 = n*i + 2*o - 8. List the prime factors of i.
3
Let u(d) = -d**3 - 5*d**2 + 3*d - 8. Let g b